
0
Convert 24 (base 9) to base 7.
31
-1 (base 9) to base 3
-1
65 (base 7) to base 6
115
What is 46 (base 7) in base 6?
54
What is -244 (base 5) in base 8?
-112
25 (base 12) to base 2
11101
e (base 15) to base 16
e
What is -501 (base 6) in base 8?
-265
-13 (base 15) to base 5
-33
What is 91 (base 16) in base 8?
221
What is 1d (base 15) in base 8?
34
Convert 2 (base 6) to base 3.
2
What is -110 (base 5) in base 10?
-30
Convert 213 (base 7) to base 2.
1101100
-33 (base 14) to base 6
-113
-1 (base 7) to base 12
-1
What is -40 (base 11) in base 5?
-134
-2 (base 7) to base 8
-2
What is 0 (base 14) in base 5?
0
34 (base 9) to base 3
1011
What is -232 (base 12) in base 6?
-1302
Convert -42 (base 6) to base 10.
-26
17 (base 15) to base 9
24
-2 (base 10) to base 3
-2
Convert -5 (base 7) to base 6.
-5
-47 (base 15) to base 12
-57
What is 0 (base 12) in base 8?
0
What is -2 (base 16) in base 5?
-2
What is -13 (base 6) in base 4?
-21
Convert 1010 (base 2) to base 7.
13
What is -9 (base 13) in base 14?
-9
-25 (base 11) to base 6
-43
1 (base 8) to base 7
1
Convert -1 (base 15) to base 14.
-1
What is 12 (base 5) in base 10?
7
What is 5 (base 8) in base 12?
5
What is -2 (base 9) in base 4?
-2
What is 10 (base 4) in base 16?
4
-3 (base 8) to base 2
-11
Convert 112 (base 8) to base 14.
54
What is 2221 (base 3) in base 13?
61
10 (base 15) to base 10
15
What is -2 (base 5) in base 15?
-2
Convert -10010 (base 2) to base 15.
-13
Convert -3 (base 16) to base 9.
-3
What is 24 (base 9) in base 12?
1a
What is -1210 (base 5) in base 12?
-130
What is 10010 (base 3) in base 6?
220
What is 100 (base 2) in base 4?
10
What is -23 (base 14) in base 5?
-111
What is 1 (base 16) in base 10?
1
Convert 10120 (base 3) to base 7.
165
1022 (base 3) to base 10
35
1 (base 11) to base 12
1
Convert 66 (base 7) to base 4.
300
What is -27 (base 11) in base 12?
-25
-3 (base 8) to base 13
-3
1 (base 4) to base 15
1
3 (base 4) to base 6
3
What is -101 (base 4) in base 7?
-23
2 (base 5) to base 7
2
Convert 10 (base 5) to base 2.
101
What is -7 (base 11) in base 10?
-7
What is -30 (base 9) in base 13?
-21
Convert 16 (base 12) to base 6.
30
-354 (base 7) to base 8
-272
3 (base 7) to base 6
3
Convert 40 (base 5) to base 11.
19
What is -4 (base 11) in base 12?
-4
235 (base 6) to base 12
7b
Convert 70 (base 8) to base 12.
48
6 (base 16) to base 11
6
-1 (base 2) to base 15
-1
Convert 177 (base 13) to base 5.
2032
What is -233 (base 4) in base 6?
-115
9a (base 13) to base 15
87
What is a (base 15) in base 9?
11
What is 41 (base 10) in base 14?
2d
-3 (base 7) to base 6
-3
Convert 6 (base 7) to base 6.
10
Convert 34 (base 7) to base 12.
21
Convert 22 (base 13) to base 6.
44
Convert -10 (base 10) to base 9.
-11
What is -3a (base 14) in base 12?
-44
What is 0 (base 16) in base 3?
0
Convert -1 (base 16) to base 14.
-1
Convert -54 (base 8) to base 13.
-35
What is 0 (base 9) in base 12?
0
Convert -5a (base 13) to base 4.
-1023
What is -b (base 12) in base 14?
-b
What is 1 (base 15) in base 11?
1
What is 2 (base 11) in base 3?
2
-26 (base 14) to base 5
-114
Convert -7 (base 13) to base 2.
-111
What is 10101 (base 2) in base 11?
1a
What is 201 (base 3) in base 12?
17
Convert -14 (base 7) to base 15.
-b
Convert 1 (base 12) to base 11.
1
Convert 2 (base 13) to base 4.
2
Convert 31 (base 11) to base 3.
1021
What is 20 (base 7) in base 5?
24
What is 2 (base 16) in base 11?
2
Convert 0 (base 5) to base 16.
0
Convert 7c (base 16) to base 5.
444
What is -1 (base 12) in base 11?
-1
-42 (base 8) to base 14
-26
-56 (base 8) to base 3
-1201
-101 (base 7) to base 13
-3b
-2 (base 10) to base 6
-2
-10000 (base 2) to base 8
-20
-4 (base 8) to base 14
-4
What is -6a (base 13) in base 12?
-74
-26 (base 14) to base 2
-100010
0 (base 2) to base 10
0
What is 11211 (base 3) in base 9?
154
What is a1 (base 11) in base 9?
133
What is -322 (base 7) in base 14?
-b9
-3 (base 14) to base 10
-3
Convert 23 (base 7) to base 9.
18
6 (base 7) to base 11
6
What is -1 (base 15) in base 12?
-1
-5 (base 6) to base 7
-5
What is -4 (base 13) in base 15?
-4
Convert 430 (base 8) to base 4.
10120
11 (base 4) to base 15
5
-230 (base 4) to base 3
-1122
Convert 5 (base 7) to base 3.
12
Convert a (base 11) to base 8.
12
Convert 111 (base 15) to base 14.
133
23 (base 5) to base 7
16
Convert 46 (base 14) to base 3.
2022
What is -38 (base 9) in base 13?
-29
What is 9 (base 10) in base 6?
13
What is 0 (base 5) in base 7?
0
-1 (base 7) to base 10
-1
Convert -2 (base 3) to base 9.
-2
Convert -11 (base 2) to base 12.
-3
What is -33 (base 14) in base 7?
-63
What is 45 (base 14) in base 12?
51
What is 5 (base 9) in base 8?
5
Convert -35 (base 9) to base 11.
-2a
15 (base 12) to base 7
23
Convert -1110 (base 3) to base 5.
-124
-3 (base 9) to base 8
-3
Convert -1 (base 3) to base 8.
-1
What is -220 (base 3) in base 6?
-40
-2 (base 15) to base 9
-2
What is 3 (base 14) in base 5?
3
-15 (base 12) to base 13
-14
What is -12 (base 10) in base 14?
-c
-1110 (base 3) to base 13
-30
Convert 2 (base 7) to base 13.
2
What is -121 (base 4) in base 5?
-100
17 (base 8) to base 2
1111
What is -257 (base 10) in base 2?
-100000001
Convert 4 (base 14) to base 3.
11
Convert -4 (base 11) to base 2.
-100
-10 (base 3) to base 14
-3
What is -411 (base 5) in base 12?
-8a
What is -2 (base 5) in base 13?
-2
Convert 1b (base 16) to base 13.
21
What is -1001 (base 3) in base 8?
-34
What is 21 (base 3) in base 2?
111
Convert -bc (base 16) to base 6.
-512
dd (base 16) to base 9
265
Convert 33 (base 11) to base 15.
26
Convert -41 (base 7) to base 10.
-29
4 (base 11) to base 16
4
What is -12 (base 3) in base 11?
-5
14 (base 13) to base 10
17
-7 (base 13) to base 10
-7
What is -2 (base 4) in base 16?
-2
What is 201 (base 9) in base 8?
243
Convert 3a (base 16) to base 15.
3d
5 (base 10) to base 15
5
Convert -33 (base 4) to base 12.
-13
-21 (base 14) to base 11
-27
Convert -68 (base 14) to base 7.
-161
-143 (base 16) to base 5
-2243
Convert 135 (base 8) to base 9.
113
-12 (base 3) to base 8
-5
-2 (base 5) to base 13
-2
10 (base 2) to base 15
2
-1110000 (base 2) to base 5
-422
Convert 1 (base 6) to base 13.
1
5 (base 14) to base 8
5
What is 110 (base 2) in base 15?
6
Convert 0 (base 11) to base 14.
0
2c (base 14) to base 16
28
Convert -151 (base 6) to base 3.
-2111
Convert 83 (base 9) to base 4.
1023
Convert 13 (base 10) to base 14.
d
What is -a6 (base 15) in base 4?
-2130
Convert -1 (base 5) to base 10.
-1
Convert 37 (base 8) to base 4.
133
What is -1 (base 12) in base 8?
-1
0 (base 11) to base 12
0
-133 (base 6) to base 14
-41
What is -271 (base 8) in base 16?
-b9
-a2 (base 13) to base 11
-110
What is 24 (base 6) in base 5?
31
Convert 21111 (base 3) to base 15.
d7
What is -3e (base 16) in base 14?
-46
-6 (base 15) to base 9
-6
What is 4 (base 5) in base 10?
4
10 (base 16) to base 11
15
What is 0 (base 10) in base 9?
0
Convert -11 (base 14) to base 7.
-21
What is 8b (base 12) in base 2?
1101011
What is 100 (base 2) in base 9?
4
What is -5 (base 13) in base 4?
-11
What is -20 (base 3) in base 7?
-6
-7 (base 9) to base 3
-21
14 (base 14) to base 5
33
What is 3d (base 14) in base 6?
131
0 (base 6) to base 4
0
Convert -5 (base 9) to base 5.
-10
Convert 8 (base 11) to base 15.
8
What is -6 (base 9) in base 10?
-6
What is 0 (base 3) in base 15?
0
What is 50 (base 7) in base 13?
29
What is -16a (base 13) in base 7?
-515
What is 5 (base 7) in base 13?
5
1a (base 15) to base 5
100
What is -4 (base 5) in base 8?
-4
Convert 111 (base 2) to base 4.
13
-1 (base 16) to base 6
-1
17 (base 16) to base 15
18
1110 (base 3) to base 6
103
What is -154 (base 12) in base 7?
-415
Convert 2 (base 3) to base 10.
2
-11 (base 3) to base 6
-4
What is -1 (base 10) in base 3?
-1
What is -21122 (base 3) in base 13?
-12b
-11110 (base 3) to base 10
-120
Convert -2 (base 4) to base 2.
-10
1 (base 5) to base 12
1
-8 (base 10) to base 4
-20
Convert -45 (base 15) to base 5.
-230
Convert 14 (base 7) to base 3.
102
Convert 1 (base 4) to base 12.
1
0 (base 3) to base 16
0
Convert -1 (base 10) to base 5.
-1
What is a (base 15) in base 9?
11
3 (base 5) to base 6
3
318 (base 9) to base 4
10010
0 (base 8) to base 14
0
What is -10 (base 6) in base 5?
-11
Convert 245 (base 7) to base 4.
2003
Convert 5 (base 11) to base 2.
101
What is 111110